1 and q.
123
Let m(j) = -2*j**3 - 5*j**2 - 32*j - 79. Let p be m(-3). Let d(x) = 9*x - 29. Let a be d(9). What is the greatest common divisor of a and p?
26
Let w be (-2 - -1) + (-9)/((-18)/136). Suppose 3*s = 8*s - 4*p - 380, 0 = -s - p + w. Let k = s - 47. Calculate the highest common divisor of 5 and k.
5
Let b be (-198)/(-154)*7 + 2562 + -2. Calculate the highest common factor of 14 and b.
7
Let j(n) = -3*n**2 - 13*n + 14. Let r be (8/3)/(5/(-14 + -1)). Let k be j(r). Let a = -32 - k. Calculate the greatest common divisor of a and 105.
21
Let m be (-8 + (8 - 12/(-18)))/(2/17208). What is the greatest common factor of m and 24?
24
Suppose -11*r + 10*r = 3, 3*h - 30 = 5*r. Suppose -160 = 8*m - 12*m. Calculate the greatest common factor of h and m.
5
Let x = -496 + 453. Let i = x - -375. What is the greatest common divisor of 4 and i?
4
Let w be 324/15 + ((-24)/15 - -2). Let o(z) = -5*z**3 - 34*z**2 - 19*z - 30. Let y be o(-8). Calculate the highest common factor of y and w.
22
Suppose 2*n + 670 = v, -7*v - 2*n = -12*v + 3398. What is the greatest common factor of v and 372?
62
Let z(a) = -105*a + 762. Let l be z(7). What is the highest common factor of l and 10809?
9
Suppose 4*u - 198 = -2*u. Suppose n = -5*v + 10*v - u, 0 = v + 3*n + 3. What is the highest common divisor of v and 294?
6
Let a(g) = -g**2 + 65*g - 341. Let p be a(6). What is the greatest common divisor of p and 8047?
13
Let t be ((-64)/12)/(-4) + 70/15. Let p(f) = -f**2 + 5*f + 12. Let s be p(t). What is the greatest common divisor of 138 and s?
6
Let v(x) = x**2 + 4*x + 4. Let b be v(-6). Let d = 34 + b. What is the highest common divisor of 40 and d?
10
Let u(c) = -c + 5. Let m be u(6). Let x be 1*m + (11 - 8). Suppose -4*y - 5*i + 62 = 0, -21 = -x*y - i + 13. Calculate the highest common divisor of 27 and y.
9
Let z(w) = -w**2 - w + 3. Let y be z(0). Let r = -51 - -54. Suppose 5*x + y*a = 363, -3*x + r*a + 212 = -a. Calculate the highest common factor of x and 8.
8
Let n be 76/((-92)/23) - -85. What is the highest common divisor of 11352 and n?
66
Let q(f) = -f**3 - f**2 - 11*f - 27. Let g be q(-6). Suppose a - g = -b - 27, 3*a = b - 180. Calculate the greatest common divisor of b and 18.
9
Suppose -2268 = -49*h + 35*h. Suppose 36 = -i + 2*i. Calculate the highest common divisor of h and i.
18
Let a be (4 - (5 + 104))*(-29 + 0). Calculate the highest common divisor of a and 315.
105
Suppose 2*y + 1 = -f, -5*y + 11*f + 15 = 10*f. Suppose 0 = y*i + 3*i - 435. What is the highest common divisor of i and 58?
29
Let b(d) = 111*d + 10. Let u be b(5). Suppose 0 = u*c - 558*c - 3360. Calculate the highest common divisor of c and 288.
96
Let z = 15677 + -15052. What is the greatest common divisor of z and 475?
25
Let u be 9338/87 + 4/6. Let k be 135/u - (-45)/12. Calculate the greatest common factor of k and 415.
5
Let o be 2 - 10896/(-18) - -3*60/(-135). Suppose h = -h + 12. Calculate the greatest common divisor of h and o.
6
Let z(k) = 4*k - 8. Let q be z(4). Suppose -q*d = 529 - 1569. What is the greatest common divisor of 26 and d?
26
Suppose 0*m = m + 2*o - 8, -4*o - 96 = -5*m. Let s = 148 - 140. Calculate the greatest common factor of m and s.
8
Let z = 11 - 25. Let w = 22 + z. Suppose 8*v - 8 = 3*v + 2*p, 0 = v - 3*p + 1. What is the greatest common divisor of w and v?
2
Let t be (2260 - (8 - 13) - -1)/2. What is the greatest common divisor of t and 11?
11
Let a be 4 + (-4 + 4)/2 + -7 + 75. What is the greatest common divisor of a and 32904?
72
Suppose -l + 9 = 5*z - 13, 5*l - 5*z = 50. Suppose -3800 = -l*n - 13*n. What is the highest common divisor of n and 8?
8
Let v(u) = 25*u**2 - 102*u - 102. Let m be v(5). Calculate the highest common factor of m and 1261.
13
Let f = -62 + 76. Suppose 0*d - f = -7*d. Let r(b) = 2*b**3 - 3*b**2 + 5*b - 5. Let s be r(d). What is the greatest common factor of 117 and s?
9
Suppose -2*a - 4*a = -24. Suppose -a = f - 11. Let y(c) = 4*c**2 - 5*c + 1. Let j be y(0). What is the highest common divisor of f and j?
1
Suppose 12*m = 17*m - 10. Suppose 58 = m*p - 10. Suppose -5 = y, 3*c - 3*y - p = 32. What is the highest common factor of 34 and c?
17
Suppose -103 + 313 = 6629*d - 6619*d. What is the highest common factor of 31731 and d?
21
Let j(k) = 14*k**2 + k - 25. Let v be 1740/(-319) + 3/(-22)*4. Let w be j(v). Calculate the highest common factor of 43 and w.
43
Let k be 2/(-4)*208/(-26). Suppose -5*q + k*j + 96 = 0, q = -46*j + 47*j + 19. What is the greatest common factor of q and 670?
10
Suppose 15 = -7*q + 10*q, 4*t - 4*q = 64. Let i be (13 - 1)/((-4)/(-8)). Suppose t*a = i*a - 63. Calculate the highest common factor of a and 21.
21
Let z be 6*((-6)/(-4) - 2). Let t be z/3 - (-82 + -3). Suppose -5 - 112 = -4*n - 5*v, 5*n - 141 = -v. Calculate the highest common factor of t and n.
28
Let w be 2 - (-3 + -17) - 1. Let l(k) = -12*k + 147. Let y be l(7). Calculate the greatest common factor of w and y.
21
Let v(r) = -37*r**3 + 3*r**2 - r - 13. Let q be v(-2). Calculate the highest common divisor of 6 and q.
3
Suppose 88*k - 126 = 318 + 964. Let z be 426/2 + (-2)/2. Suppose -3*l - 5*v + 518 = 0, -32 = l - 2*v - z. What is the greatest common divisor of k and l?
16
Let b be 17/((-34)/9)*-366. What is the greatest common factor of b and 915?
183
Let j = -2 - -112. Let o = -120 + j. Let m be (-885)/(-25) + -1 + 4/o. What is the highest common factor of 170 and m?
34
Let v = -6373 - -6407. What is the greatest common factor of 10642 and v?
34
Suppose 219573 = 129*q - 257727. Calculate the greatest common divisor of q and 200.
100
Let s = 308 - 57. Let h = s + -151. What is the greatest common factor of h and 20?
20
Let p(f) = -f**3 + 5*f**2 + 3*f. Let m be (8/(-5))/(6/(-15)). Let s be p(m). Suppose 26*g - 108 - 74 = 0. Calculate the highest common divisor of s and g.
7
Let v(p) = p**3 - 14*p**2 - 19*p + 473. Let c be v(13). Suppose 0*a + 2*a = 0. Let i(w) = w + 57. Let l be i(a). What is the greatest common factor of l and c?
57
Let h = -5 - -7. Suppose 220 = g + 4*z, 3*g + 280*z - 275*z - 667 = 0. What is the highest common factor of g and h?
2
Let x = 45 - 12. Let s = x - 92. Let g = -49 - s. Calculate the highest common divisor of g and 20.
10
Let g = -12499 + 12716. What is the greatest common factor of g and 2542?
31
Suppose 10*v + 184 + 26 = 0. Let y be (-105)/v + (-325)/(-1). Calculate the highest common factor of y and 30.
30
Let w = -45 - -1805. Calculate the highest common divisor of 280 and w.
40
Suppose 13*w = -3*q + 15*w + 106, 3*w + 64 = 2*q. Suppose 24*r + q - 206 = 0. What is the greatest common factor of 63 and r?
7
Suppose 5*j - 21546 = -2*q, q - 7*j = -j + 10790. What is the highest common factor of 34 and q?
34
Let q(s) = -2*s**2 - 29*s - 27. Let a be q(-13). Suppose 2990 - 182 = a*u. Calculate the greatest common divisor of 18 and u.
18
Let m be 2/(6/9) - (-6 - 441). Let j be (3/(-5) - -1)/(18/m). What is the greatest common divisor of j and 125?
5
Let d(g) = -46*g - 81. Let k(n) = -n**3 - 8*n**2 + 12*n + 21. Let o be k(-9). Let z be d(o). What is the greatest common factor of 117 and z?
39
Let k be (147 - -174)*(12/18)/(2/3). Calculate the highest common divisor of k and 856.
107
Suppose -126*p - 526 = -99*p - 2740. Calculate the highest common factor of p and 1886.
82
Suppose -1470*m + 1473*m = 94 + 80. What is the highest common divisor of 3538 and m?
58
Suppose -842591 = -35*j - 36*j - 227021. What is the highest common factor of j and 5?
5
Suppose -3*f + 6 = -f. Suppose a - 1116 = -3*a + m, f*a = 5*m + 820. Let c(g) = -g + 112. Let b be c(72). Calculate the highest common divisor of b and a.
40
Let t = -49 - -84. Suppose t*u - 150 = 29*u. What is the greatest common divisor of 20 and u?
5
Let v = 6973 - 6890. Calculate the greatest common divisor of v and 664.
83
Suppose 0 = -26*z - 34*z - 33410 + 112970. What is the highest common divisor of 624 and z?
78
Let r(q) = -q**3 + 101*q**2 - 15*q + 542. Let o be r(100). What is the greatest common factor of 330 and o?
66
Let t be (10 - -5) + -14 - -14. What is the greatest common divisor of 295 and t?
5
Let x(z) = 11*z - 51. Let s be x(6). Suppose -l - 2 = 0, -5*h - 3*l = -8*h + s. Calculate the highest common factor of 57 and h.
3
Suppose -22*p - 41560 + 185968 = 0. What is